{"id":381,"date":"2020-09-28T16:31:34","date_gmt":"2020-09-28T14:31:34","guid":{"rendered":"https:\/\/www.aelrd-rlp.de\/?page_id=381"},"modified":"2021-01-19T14:16:05","modified_gmt":"2021-01-19T13:16:05","slug":"rettungsdienstbereiche","status":"publish","type":"page","link":"https:\/\/www.aelrd-rlp.de\/index.php\/ueber-uns\/rettungsdienstbereiche\/","title":{"rendered":"Rettungsdienstbereiche"},"content":{"rendered":"\n<p>Rheinland-Pfalz ist bezogen auf die Einwohnerzahl mit ca. 4 Millionen Menschen das sechstgr\u00f6\u00dfte Bundesland. Mit einer Dichte von ca. 205 Einwohnern pro km<sup>2<\/sup> ist es dabei eher d\u00fcnn besiedelt. Die Landeshauptstadt Mainz ist mit ca. 220.000 Einwohnern zugleich gr\u00f6\u00dfte Stadt im Land und Sitz der obersten Rettungsdienstbeh\u00f6rde, dem Ministerium des Innern und f\u00fcr Sport.<\/p>\n\n\n\n<p>Auf regionaler Ebene sind die Beh\u00f6rden f\u00fcr den Rettungsdienst mit ihren \u00c4rztlichen Leitern Rettungsdienst f\u00fcr die Organisation und Aufsicht \u00fcber den Rettungsdienst verantwortlich. Die Eins\u00e4tze des Rettungsdienstes werden in den 8 Integrierten und Rettungsleitstellen mit Sitz in Bad Kreuznach, Kaiserslautern, Koblenz, Landau, Ludwigshafen, Mainz, Montabaur und Trier, disponiert und koordiniert.<\/p>\n\n\n\n<p>Zur Sicherstellung einer fl\u00e4chendeckenden rettungsdienstlichen Versorgung werden dazu ca. 150 Rettungswachen und ca. 65 bodengebundenen Notarztstandorte vorgehalten. Sie leisten j\u00e4hrlich ca. 1 Million Eins\u00e4tze in der Notfallrettung und im qualifizierten Krankentransport. Eine insbesondere im l\u00e4ndlichen Bereich wichtige Unterst\u00fctzung des bodengebundenen Rettungsdienstes ist die Luftrettung. Standorte von Rettungs- und Intensivtransporthubschraubern sind derzeit E\u00dfweiler (Interimsbetrieb), Koblenz, Ludwigshafen, Mainz und Wittlich. Sie werden erg\u00e4nzt durch Eins\u00e4tze eines Rettungshubschraubers der Luxemburg Air Rescue und eines Hubschraubers der Johanniter-Luftrettung am N\u00fcrburgring.<\/p>\n\n\n\n<div style=\"height:109px\" aria-hidden=\"true\" class=\"wp-block-spacer\"><\/div>\n\n\n\n<p><\/p>\n\n\n\n<div class=\"wp-block-media-text alignwide is-stacked-on-mobile is-image-fill\" style=\"grid-template-columns:53% auto\"><figure class=\"wp-block-media-text__media\" style=\"background-image:url(https:\/\/www.aelrd-rlp.de\/wp-content\/uploads\/2020\/09\/WP_Bad-Kreuznach-Rheinhessen.png);background-position:78% 76%\"><img loading=\"lazy\" decoding=\"async\" width=\"828\" height=\"311\" src=\"https:\/\/www.aelrd-rlp.de\/wp-content\/uploads\/2020\/09\/WP_Bad-Kreuznach-Rheinhessen.png\" alt=\"\" class=\"wp-image-422\"\/><\/figure><div class=\"wp-block-media-text__content\">\n<p style=\"font-size:26px\">Bad Kreuznach &#8211; Rheinhessen<\/p>\n\n\n\n<p>Dr. med. Guido Scherer<br>Kreisverwaltung Mainz-Bingen<br>Abt. Sicherheit und Ordnung \/ Kommunalaufsicht<br>Georg-R\u00fcckert-Str. 11<br><br>55206 Ingelheim am Rhein<\/p>\n<\/div><\/div>\n\n\n\n<p><\/p>\n\n\n\n<div class=\"wp-block-media-text alignwide is-stacked-on-mobile is-image-fill\" style=\"grid-template-columns:53% auto\"><figure class=\"wp-block-media-text__media\" style=\"background-image:url(https:\/\/www.aelrd-rlp.de\/wp-content\/uploads\/2020\/09\/WP_Kaiserslautern.png);background-position:85% 38%\"><img loading=\"lazy\" decoding=\"async\" width=\"828\" height=\"211\" src=\"https:\/\/www.aelrd-rlp.de\/wp-content\/uploads\/2020\/09\/WP_Kaiserslautern.png\" alt=\"\" class=\"wp-image-426\"\/><\/figure><div class=\"wp-block-media-text__content\">\n<p style=\"font-size:26px\">Kaiserslautern<\/p>\n\n\n\n<p>Christian Hardt<br>Kreisverwaltung Kaiserslautern<br>Brand- und Katastrophenschutz, Rettungsdienst<br>Lauterstra\u00dfe 8<br><br>67657 Kaiserslautern<\/p>\n<\/div><\/div>\n\n\n\n<div class=\"wp-block-media-text alignwide is-stacked-on-mobile is-image-fill\" style=\"grid-template-columns:53% auto\"><figure class=\"wp-block-media-text__media\" style=\"background-image:url(https:\/\/www.aelrd-rlp.de\/wp-content\/uploads\/2020\/09\/WP_Koblenz-Montabaur.png);background-position:73% 18%\"><img loading=\"lazy\" decoding=\"async\" width=\"828\" height=\"440\" src=\"https:\/\/www.aelrd-rlp.de\/wp-content\/uploads\/2020\/09\/WP_Koblenz-Montabaur.png\" alt=\"\" class=\"wp-image-429\"\/><\/figure><div class=\"wp-block-media-text__content\">\n<p style=\"font-size:26px\">Koblenz &#8211; Montabaur<\/p>\n\n\n\n<p>Dipl. Ing. Stefan Schaefer<br>Dr. med. Christian Voigt<br>Kreisverwaltung Mayen-Koblenz<br>Bahnhofstr. 9<\/p>\n\n\n\n<p>56068 Koblenz<br><\/p>\n<\/div><\/div>\n\n\n\n<div class=\"wp-block-media-text alignwide is-stacked-on-mobile is-image-fill\" style=\"grid-template-columns:53% auto\"><figure class=\"wp-block-media-text__media\" style=\"background-image:url(https:\/\/www.aelrd-rlp.de\/wp-content\/uploads\/2020\/09\/WP_Ludwigshafen_Suedpfalz.png);background-position:100% 48%\"><img loading=\"lazy\" decoding=\"async\" width=\"828\" height=\"316\" src=\"https:\/\/www.aelrd-rlp.de\/wp-content\/uploads\/2020\/09\/WP_Ludwigshafen_Suedpfalz.png\" alt=\"\" class=\"wp-image-432\"\/><\/figure><div class=\"wp-block-media-text__content\">\n<p style=\"font-size:26px\">Ludwigshafen &#8211; S\u00fcdpfalz<\/p>\n\n\n\n<p>Dr. med. Fred Blaschke<br>Kreisverwaltung des Rhein-Pfalz-Kreises<br>Ordnungsbeh\u00f6rde, Katastrophenschutz, Verkehrswirtschaft<br>Europaplatz 5<br><br>67063 Ludwigshafen<\/p>\n<\/div><\/div>\n\n\n\n<div class=\"wp-block-media-text alignwide is-stacked-on-mobile is-image-fill\" style=\"grid-template-columns:53% auto\"><figure class=\"wp-block-media-text__media\" style=\"background-image:url(https:\/\/www.aelrd-rlp.de\/wp-content\/uploads\/2020\/09\/WP_Trier.png);background-position:4% 50%\"><img decoding=\"async\" src=\"https:\/\/www.aelrd-rlp.de\/wp-content\/uploads\/2020\/09\/WP_Trier.png\" alt=\"\" class=\"wp-image-435\"\/><\/figure><div class=\"wp-block-media-text__content\">\n<p style=\"font-size:26px\">Trier<\/p>\n\n\n\n<p>Dr. med. Manfred Schiffer<br>J\u00f6rg Zimmer<br>Kreisverwaltung Trier-Saarburg<br>Amt 11 f\u00fcr Sicherheit und Ordnung<br>Willy-Brandt-Platz 1<br><br>54290 Trier<\/p>\n<\/div><\/div>\n\n\n\n<p><\/p>\n","protected":false},"excerpt":{"rendered":"<p>Rheinland-Pfalz ist bezogen auf die Einwohnerzahl mit ca. 4 Millionen Menschen das sechstgr\u00f6\u00dfte Bundesland. Mit einer Dichte von ca. 205 Einwohnern pro km2 ist es [&#8230;]<\/p>\n","protected":false},"author":3,"featured_media":0,"parent":14,"menu_order":0,"comment_status":"closed","ping_status":"closed","template":"","meta":{"footnotes":""},"class_list":["post-381","page","type-page","status-publish","hentry"],"_links":{"self":[{"href":"https:\/\/www.aelrd-rlp.de\/index.php\/wp-json\/wp\/v2\/pages\/381","targetHints":{"allow":["GET"]}}],"collection":[{"href":"https:\/\/www.aelrd-rlp.de\/index.php\/wp-json\/wp\/v2\/pages"}],"about":[{"href":"https:\/\/www.aelrd-rlp.de\/index.php\/wp-json\/wp\/v2\/types\/page"}],"author":[{"embeddable":true,"href":"https:\/\/www.aelrd-rlp.de\/index.php\/wp-json\/wp\/v2\/users\/3"}],"replies":[{"embeddable":true,"href":"https:\/\/www.aelrd-rlp.de\/index.php\/wp-json\/wp\/v2\/comments?post=381"}],"version-history":[{"count":38,"href":"https:\/\/www.aelrd-rlp.de\/index.php\/wp-json\/wp\/v2\/pages\/381\/revisions"}],"predecessor-version":[{"id":734,"href":"https:\/\/www.aelrd-rlp.de\/index.php\/wp-json\/wp\/v2\/pages\/381\/revisions\/734"}],"up":[{"embeddable":true,"href":"https:\/\/www.aelrd-rlp.de\/index.php\/wp-json\/wp\/v2\/pages\/14"}],"wp:attachment":[{"href":"https:\/\/www.aelrd-rlp.de\/index.php\/wp-json\/wp\/v2\/media?parent=381"}],"curies":[{"name":"wp","href":"https:\/\/api.w.org\/{rel}","templated":true}]}}